60, -2 = g. Calculate the greatest common factor of l and 115.
5
Let v be (-24)/(-14) + 92/322. Let z(i) = 6*i**3 + 3 + 0*i**3 - 2*i**3 - 3*i**3 + i - i**2. Let u be z(v). What is the greatest common factor of u and 18?
9
Suppose -6*b = -4*a - 3*b, -3*a = -4*b. Let f = 2 - a. What is the greatest common divisor of f and 18?
2
Let j(s) = s**2 - 5*s - 4. Let o be j(5). Let a be 2/o*(0 - 8). Let y be (9/3 - -7)*(-16 + 18). Calculate the greatest common factor of a and y.
4
Suppose 442400 = 134*l + 41*l. What is the greatest common divisor of l and 224?
32
Let l(c) = -352*c - 216. Let t be l(9). Let h be (t/27)/(12/(-18)). Calculate the greatest common factor of 4 and h.
4
Let b be 15/(-5) + 2 + 55. Let u = b - 46. Suppose 4 - u = -2*v. Calculate the greatest common factor of 10 and v.
2
Suppose -22*v + 41*v - 38 = 0. Suppose 0 = 7*j - 3*j - 56. Calculate the highest common factor of j and v.
2
Suppose 734 = -22*j + 3176. Calculate the greatest common divisor of 15 and j.
3
Let d be (-16 - 22790/(-10)) + -17. Calculate the greatest common divisor of 2 and d.
2
Let u be (1/(-4))/((-15)/(-300)) - -5 - -44. Calculate the highest common divisor of u and 188.
4
Let m(x) = x**2 - 153*x + 2284. Let b be m(16). What is the greatest common divisor of b and 1127?
23
Let p be (-1 + 7 - 2) + 150/25. Calculate the greatest common divisor of p and 160.
10
Suppose 20*u - 1167067 = -59*u. What is the highest common divisor of 79 and u?
79
Suppose 0 = p - 4*n - 660, -536 - 79 = -p - 5*n. What is the highest common divisor of 4 and p?
4
Suppose d - 9 = 12. Suppose -3*a - 5*g + 3*g = -443, 0 = -2*a + 4*g + 290. Calculate the greatest common factor of a and d.
21
Let t be 443/2 - 1/2. Suppose -4*r = 2*g + 2 - 32, -53 = -4*g - r. What is the highest common factor of t and g?
13
Let q = 9808 - 9148. Calculate the highest common factor of q and 310.
10
Let q = -73 + 163. Suppose 7*z - 5*z - q = 0. Suppose -22*s = -33*s + 99. What is the greatest common factor of z and s?
9
Let n(b) = -b**3 + 8*b**2 + 9*b - 6. Let k = -15 - -39. Let t be ((-7)/((-63)/k) + 0)*3. Let x be n(t). What is the greatest common factor of 6 and x?
6
Suppose 7*m - 80 = 5*m + 5*l, m - 4*l = 40. Suppose 0 = s + 7 - m. Calculate the greatest common factor of s and 440.
11
Let j = -18046 - -18055. Suppose 0 = x - 79 - 37. Let b = -44 + x. Calculate the greatest common factor of b and j.
9
Let o = -6459 - -6767. Calculate the greatest common divisor of o and 8540.
28
Let g = -3685 - -3780. Calculate the highest common divisor of g and 171.
19
Suppose -58*j = -8*j - 1640250. What is the highest common divisor of j and 45?
45
Let z = -2482 - -2489. What is the greatest common factor of z and 197?
1
Suppose 17*u - 21*u = -108. Suppose 11 = -4*y + u. Suppose 5*k - 931 = h, 183 = k + y*h - 5*h. Calculate the highest common factor of 17 and k.
17
Suppose 13 = 4*r - 23. Let c be (-6 - -5)*-2*2. Suppose -c*u = -u + r, -2*v + 5*u = -63. What is the highest common factor of 60 and v?
12
Suppose -20*k = 163 - 2063. Suppose -149*p + 151*p = 10. What is the highest common factor of p and k?
5
Let m be ((-111)/37)/((-4)/(-1296)*-3). What is the highest common factor of m and 3969?
81
Suppose 2773 = 88*l + 96 + 301. Suppose 5*z - 194 = 3*z. Let y = -43 + z. What is the greatest common divisor of l and y?
27
Suppose -20712 = -19*g - 1484. Calculate the highest common factor of 11 and g.
11
Let p = -64 - -73. Suppose -d = -j + 110, 5*j + 428 = p*j + 2*d. Calculate the highest common factor of j and 24.
12
Suppose -2*h = -5*h - 3*i - 15, -4*h = i + 11. Let g be 1233/6 + -2 + h/4. Let w = g - 98. What is the greatest common factor of w and 42?
21
Let r(s) = -27*s - 21. Let m(u) = -29*u + 16. Let b be m(1). Let q be r(b). Calculate the greatest common divisor of 30 and q.
30
Suppose 5*t + 5 = n, 5*n = 2*t - 0*t + 25. Suppose g = 2*g - 4*m + 3, n*m - 46 = -2*g. Suppose -1 = -7*x + g. What is the highest common factor of x and 16?
2
Let a = -517720 + 518226. Suppose 3*d - 4*q + 36 = 462, -15 = 5*q. What is the highest common divisor of d and a?
46
Let t(f) = -211*f**2 + 455*f + 1. Let d be t(2). Calculate the greatest common divisor of 8777 and d.
67
Let h be 228 - (3 + -4 - -4). Let b = h + -195. What is the highest common factor of b and 15?
15
Let h be ((-2)/(-3) - 1)/((-15)/110700*2). What is the highest common divisor of 54 and h?
6
Suppose 4392 = 1287*c - 1282*c + t, -848 = -c - 4*t. Suppose k + 3*k = 4*g - 332, 317 = 4*g + k. Calculate the highest common factor of c and g.
80
Let m(y) = -190*y - 1314. Let z be m(-7). What is the highest common divisor of z and 6352?
16
Let f = -3025 - -3073. Calculate the greatest common divisor of 9 and f.
3
Let x = -511 + 524. Let y be (-2380)/(-91) - 2/x. Suppose 0*o = -3*o + 702. Calculate the greatest common factor of o and y.
26
Suppose 0 = -19*i - 24*i + 903. Let j(h) = 15*h + 6. Let f be j(8). Let z be (3 - (-14)/(-6))*f. What is the highest common divisor of i and z?
21
Let t = -71 - -73. Let p be -20 + t + 5/(-5). Let u be 308/38 - (-2)/p. Calculate the greatest common factor of u and 6.
2
Let d = -6990 - -7459. Calculate the greatest common factor of 1072 and d.
67
Suppose -852 = h - 3*h. Suppose i + 118 + 19 = b, -2*b = 3*i + h. Let f = -41 - i. What is the greatest common divisor of 11 and f?
11
Let k = 151 + -148. Suppose -8*f = -k*f - 170. Calculate the greatest common divisor of f and 51.
17
Let p(w) = 121*w - 2300. Let j be p(20). Calculate the greatest common divisor of j and 3720.
120
Suppose 5*j + 12*d = 131, -3*j - 2*d + 96 = 33. Let n = -87 - -182. What is the highest common divisor of j and n?
19
Suppose -5*q - 4718 + 1438 = 0. Let r = q + 806. Calculate the highest common factor of 9 and r.
3
Suppose 7722 = 31*n - 5*n. Calculate the greatest common divisor of 36 and n.
9
Let c = 25578 - -10910. What is the greatest common factor of 8 and c?
8
Let z = -4680 + 4722. What is the greatest common factor of z and 3794?
14
Let g(x) = x**3 - 7*x**2 + 14*x - 6. Let b be g(5). Suppose 11*d = b*d - 27. Let j = 150 + -78. Calculate the highest common divisor of j and d.
9
Suppose 0 = 269*r - 12*r - 269850. What is the greatest common factor of 168 and r?
42
Let p(q) = -13*q + 34. Let d be p(8). Let a = 76 + d. Suppose -b + a + 0 = 0. Calculate the greatest common factor of b and 3.
3
Let k(d) = 11*d + 145. Let l(i) = i**3 - 17*i**2 - 20*i + 29. Let o be l(18). Let h be k(o). What is the highest common divisor of h and 8?
4
Suppose 96 = 2*t + 2*t. Suppose -2*u - 184 = -g, -3*u = -5*g + 262 + 686. Calculate the highest common factor of t and g.
24
Let h(o) = -o**3 + 12*o**2 + 2*o - 25. Let k be h(12). Let g be -10*(-11 + 6)/(1 - k). What is the highest common factor of 10 and g?
5
Let b = -32 - -700. Let f = -1323 + b. Let v = -347 - f. What is the greatest common factor of v and 28?
28
Let z = -215 + 218. Let m be (-1793)/(-6) - (-1)/(z + 3). Calculate the highest common divisor of 13 and m.
13
Suppose 206 + 944 = 25*n. Let y(c) = 4*c + 345. Let m be y(0). Suppose -7*o + 4*o = -m. What is the greatest common divisor of o and n?
23
Let c = 38 + -31. Suppose -12*f + c*f - 3*y = -452, 4*y + 277 = 3*f. What is the highest common divisor of 7 and f?
7
Suppose -h = 0, -5*g + 4*h = -4*g + 543. Let d = g + 548. Suppose -2*m + 23 + 17 = 0. Calculate the highest common factor of d and m.
5
Let l(w) = 4*w**2 + 5*w + 4. Let k be l(-3). Let h = k - 27. Let c be (1 - 24/3)*h. What is the highest common factor of c and 2?
2
Let i be (-12948)/130 - (-4)/(-10). Let m be (-45)/75*i/12. Calculate the greatest common divisor of 9 and m.
1
Let w(l) = 24*l**2 - 2*l. Let s be w(1). Suppose s*o + 16 = 24*o. Suppose o = -5*b + 53. Calculate the greatest common divisor of 18 and b.
9
Let i = 24 - 7. Let l(y) = y**3 - 2*y**2 - 21*y + 64. Let o be l(5). What is the greatest common divisor of o and i?
17
Let b(n) be the third derivative of n**6/60 + 11*n**4/24 + 2*n**3/3 - 69*n**2. Let y be b(3). What is the highest common divisor of 7 and y?
7
Suppose 41*i + 92 = 18*i. Let f(a) = a**2 - 6*a - 1. Let b be f(i). Calculate the highest common factor of 1 and b.
1
Let r be 6*(1 + (-2)/6). Let s = 6 - r. Let m(y) = 36*y - 986. Let q be m(28). Calculate the greatest common divisor of q and s.
2
Let b b